pose -l = 4*o - 3*l - 50, -55 = -4*o - 3*l. Suppose -y = -h - h - o, 3*h + 7 = -y. Suppose -2285 = -y*w + 2770. Is w prime?
False
Let m be 4/((1 - 4) + 5). Is m/(-20) + (-779683)/(-530) a prime number?
True
Suppose -6*r + 70 = -446. Let x = 217 + r. Is x a prime number?
False
Suppose -848618 = -4*n - 2*m - 0*m, -n = -5*m - 212160. Suppose 35*u - n = 39040. Is u a prime number?
True
Let w = 172553 - 119004. Is w a composite number?
False
Let f(o) = -785*o**3 + 97*o**2 + 7*o + 184. Is f(-9) a composite number?
True
Let y be 10/4*(84487/5 - 3). Suppose y = 13*f - 55173. Is f a composite number?
True
Is 21/(-33)*-11 + (582591 - -3) a prime number?
True
Suppose -253*b + 250*b + 12 = 0. Suppose -b*u + 8*u = u. Suppose 4*f = 3*w - 472 + 17, u = 5*w - 5*f - 765. Is w a composite number?
False
Let l be 1 - (2 + -1) - (73 - 55). Let b(h) = -h**3 - 15*h**2 + 21*h + 19. Is b(l) a prime number?
True
Let s = -489 - -489. Suppose s = -26*d - 5447 + 70889. Is d composite?
True
Suppose -5*v + 10655 = -1235. Let x = 7525 - v. Is x prime?
True
Suppose -16*f - 783478 = -2848134. Is f a composite number?
True
Suppose -y = -4*o + 5867805, -2*o + 4*y = -3*o + 1466981. Is o composite?
False
Let h(i) = -6*i**2 - 9*i - 2. Let l be h(-5). Let r = l - -21. Let g = 165 + r. Is g composite?
False
Suppose -6*i + 5*i - 4*o = -69520, 4*o = -4. Suppose i = 47*g + 10210. Is g composite?
True
Suppose -6839 = -4*c + 5*b, 0 = 60*c - 56*c + 2*b - 6818. Is c prime?
False
Let w = 472 - 475. Is (-11299)/w*(-10 - -13) composite?
False
Is 8/(-12)*(-21691521)/114 composite?
False
Let b(i) = 2*i**3 + 3*i**2 - 1 - 12*i - 5*i + 18*i. Let r be b(-2). Is (7/r)/(2/(-154)) prime?
False
Let w(n) = 70*n - 59. Let y(o) = -69*o + 58. Let z(h) = -6*w(h) - 7*y(h). Is z(6) composite?
True
Suppose -6*d - 1465 = 4*v - d, 350 = -v + 2*d. Let x be v/54*(3 - 0). Let y(o) = -26*o - 29. Is y(x) a composite number?
False
Let b be (-100869)/21 + (-13)/((-182)/4). Let q = 4574 - b. Is q composite?
False
Let r be 8 - 68/8 - (-2299)/(-2). Let g = r + 1619. Is g a prime number?
False
Suppose 3*u = -41*t + 43*t - 16937, -u + 16917 = 2*t. Is t prime?
True
Is 104205 + -11 + 24 + -9 composite?
True
Let h(p) = 20278*p - 3915. Is h(56) prime?
True
Suppose -670*q + 24177842 = -24*q. Is q composite?
True
Suppose -4*y - 113*s = -108*s - 1117183, -4*y + 1117255 = -3*s. Is y a composite number?
True
Let a(v) = 195*v**2 - 150*v + 3044. Is a(21) a composite number?
False
Let u(t) = t**3 - 4*t**2 + 3*t - 5. Let c = -4 + 8. Let r be u(c). Suppose -3557 = -4*f - x, -r*x - 2668 = -3*f - 8*x. Is f composite?
True
Suppose -41541 - 216063 = -12*w. Is w a prime number?
True
Let t(j) = 32165*j - 1927. Is t(12) prime?
False
Is 666/(-2886) + (-6317720)/(-26) a composite number?
False
Suppose 0 = -7*p + 155 + 405. Suppose 77745 = -p*m + 85*m. Suppose 0 = -t - 5*y + 3114, -5*t - 4*y = -0*t - m. Is t a composite number?
False
Suppose x - 33274 = -3*y, -18*y = -11*x - 14*y + 365903. Is x a composite number?
True
Suppose 2545 = -3*a + 8*h - 9*h, 4260 = -5*a + 2*h. Let c = a + 4928. Is c a prime number?
False
Is (-365198)/(23/5 + (-15)/3) prime?
False
Suppose h + 0*z - 226681 = -5*z, -4*z = -2*h + 453390. Is h prime?
True
Let i be (-1136316)/(-42) - (-10)/(-70). Is (i/10)/((-10)/(-20)) prime?
False
Let h = -21946 - -75410. Suppose 85*u + h = 93*u. Is u prime?
False
Let t(c) = c**3 + 85*c**2 + 90*c + 213. Is t(-80) prime?
True
Suppose -635 = 4*l + 3*r, 0 = l - 4*r + 7*r + 170. Let f = 397 - 871. Let x = l - f. Is x a composite number?
True
Suppose -4*l - 35 = -2*h - 5, 2 = -2*h. Let u(w) = w**3 + 18*w**2 + 11*w + 11. Let c be u(l). Is c + -5 - (0 + 1) a composite number?
False
Let w(q) be the first derivative of 117*q**4/4 + q**3/3 - 2*q + 12. Let s be w(2). Is (-1)/((2/s)/(-1)) composite?
True
Let m = -22426 - -48129. Is m a composite number?
False
Suppose 23 - 3 = 5*x. Suppose 0 = 5*s - 2*s - 3, x*u - s = -17. Let l(k) = -31*k + 17. Is l(u) a prime number?
False
Let g = 283754 - 81387. Is g prime?
False
Suppose 0 = 4*g - 0*d + d + 271, -g - 2*d = 59. Let s(a) = -2*a**2 + 10*a + 1. Let o be s(6). Let u = o - g. Is u composite?
True
Let g(u) = -30*u**3 - 3*u**2 + 2*u - 1. Let i be g(-3). Let y = -1232 + i. Let d = -43 - y. Is d composite?
True
Suppose -311*f + 312*f - 136870 = -2*d, -3*f + 273736 = 4*d. Is d a composite number?
False
Let i(l) = -l**3 - 1. Let t(w) = -11*w**3 - 8*w**2 + 3*w + 7. Let s(g) = -4*i(g) + t(g). Is s(-6) prime?
True
Let u be (2 - -42 - 4)*5/10. Is ((-8654)/4)/((-10)/u) prime?
True
Let w(p) = -2*p**2 - 390*p + 18451. Is w(0) prime?
True
Let g = 722 + -719. Suppose 5*d - 198610 = 32*r - 33*r, -g*r = -5*d + 198630. Is d composite?
True
Suppose 5*v - 706300 = -3*g, -4*g = 4*v - 319364 - 245684. Is v a composite number?
False
Let b(o) = -261*o**3 - 11*o**2 - 98*o + 1. Is b(-6) a prime number?
True
Is 13 + (-15 - -96486) + -6 prime?
False
Let c(v) = -v**3 + 9*v**2 - 15*v + 12. Suppose 33 + 3 = 4*t. Let j be c(t). Let w = j + 176. Is w composite?
False
Let k = 1640 - -2873. Is k prime?
True
Let r(d) = -15*d + 45*d**2 - 2*d**3 + 235 - 118 - 114. Is r(21) a composite number?
True
Let u = 126704 - 10699. Is u a composite number?
True
Is (115636/(-6))/((-22)/33) a composite number?
False
Suppose 0 = -g - m - 4*m - 6222, -3*g = -m + 18666. Let k = -3039 - g. Is k a prime number?
False
Let g(l) = 16*l**2 + 149*l - 5868. Is g(89) a prime number?
True
Is (-3)/((-9)/6)*(-70825)/(-10) prime?
False
Suppose 2*i + 60*c - 63*c - 143386 = 0, -6*c = -i + 71675. Is i composite?
False
Suppose 4*z = 2*o - 624, -5*z + 4*o - 146 = 640. Is z/21 + 8 + 95025/9 composite?
False
Let d(w) = 87*w**3 + 61*w**2 - w + 27. Is d(8) a prime number?
False
Let k(j) = -209*j**3 - 3*j**2 + 3*j - 1. Let i be k(1). Let p = i + 517. Is p a composite number?
False
Let u(g) = -6194*g - 2757. Is u(-20) composite?
False
Suppose -u + 4*n = u - 3700226, -4*n = -u + 1850103. Is u prime?
False
Let k(j) = -4*j - j + 8*j**3 - 6 + 9*j**2 + j**2. Suppose 860*g - 877*g = -85. Is k(g) prime?
False
Suppose a + 1 = 0, -99856 = -15*p + 11*p - 4*a. Is p prime?
False
Let w(s) = -34*s**3 - 18*s**2 - 23*s + 73. Is w(-14) a composite number?
False
Let c(q) = -2863*q - 13144. Is c(-111) composite?
True
Suppose 3*b - 13*b + 810 = 0. Is ((b/(-9))/(-27))/((-2)/(-52422)) a composite number?
False
Let k(f) = -10085*f - 236. Is k(-35) a composite number?
False
Let y(v) = -12987*v - 83. Is y(-6) composite?
False
Let b be (0 - (1 - 4/1))*2766. Suppose 3*k + b = -2*u + 38395, 4*u + k - 60189 = 0. Is u prime?
False
Let k = -111853 - -168900. Is k a prime number?
True
Suppose 2*o - 137230 = -3*o - 5*y, -4*y = -o + 27461. Is o composite?
False
Let d = 21589 + -9442. Is d a prime number?
False
Suppose 0 = -70*u + 64*u + 198. Is (0 + 0 - -2172) + u + -34 prime?
False
Let z(p) = p + 3. Let y be z(-3). Suppose -13*u - d = -9*u - 751, d = -u + 190. Suppose -6*k + 5*k + u = y. Is k composite?
True
Let a(s) = -s**2 + 12*s - 2. Let r be a(9). Suppose 2*m - 7*m = -r. Suppose -5*c + 75 = -m*o, -4*c - 8*o + 4*o + 28 = 0. Is c prime?
True
Suppose -5*y + 2*y - 7*y = 0. Suppose y = -k + 5*d - 4*d - 3, -k - 4*d - 3 = 0. Is 1 + -2 - -1971 - k*1 a prime number?
True
Let t(r) = -r**2 + 14*r - 49. Let m be t(7). Let h be 48/(-12) + (1 - -5). Suppose m*v - h*v = -178. Is v a prime number?
True
Is (6/(-12))/((-22)/77821436) a composite number?
True
Suppose 0 = -x + 3*g + 5, -5*x - 2 = g + 5. Is x*20283*(-8 + 7)/3 composite?
False
Suppose 2*h + 12 = -h. Suppose 72*l - 75*l + 9 = -4*j, 3*l - 6 = 3*j. Is (l/(0 - h/1076))/(-1) prime?
True
Let q = -65673 - -155368. Is q composite?
True
Suppose 38326 = -4*u - 2*q, u = 5*q - 5413 - 4196. Let c = 549 - u. Is c a composite number?
False
Suppose -3*m - 93 = -3*o + 36, -5*o - 145 = 4*m. Let a = m + 42. Suppose -3*j - 63 = a*y - 733, -2*y + 686 = -j. Is y composite?
True
Let z(j) = 11*j - 44*j + 2 - 78*j - 1. Let u be ((-18)/(-3))/(2*4/(-8)). Is z(u) composite?
True
Let i(g) = -g + 6. Let z be i(9). Let a(u) = -405*u - 7. Let t be a(z). Suppose 0 = -4*m + 308 + t. Is m a composite number?
False
Suppose -219*r = -14*r - 76253830 + 20316915. Is r a composite number?
False
Let x(q) = -301*q**3 - 14*q**2 - 27*q + 47. Is x(-7) a prime number?
True
Suppose 5*t - b = 25, -4*t + 4*b + 